{"id":8289,"date":"2024-08-20T16:57:50","date_gmt":"2024-08-20T14:57:50","guid":{"rendered":"https:\/\/preshape.fr\/?post_type=product&#038;p=8289"},"modified":"2024-08-20T17:01:10","modified_gmt":"2024-08-20T15:01:10","slug":"raccordl","status":"publish","type":"product","link":"https:\/\/preshape.fr\/index.php\/product\/raccordl\/","title":{"rendered":"Raccord en L"},"content":{"rendered":"<p>Extr\u00e9mit\u00e9s \u00e0 nervures assurant une \u00e9tanch\u00e9it\u00e9 parfaite.<br \/>\nR\u00e9sistant aux solvants.<\/p>\n<p>Disponible pour tubes de diam\u00e8tre int\u00e9rieur de : 10 et 16mm.<\/p>\n<p>Prix unitaire\u00a0 et d\u00e9gressif selon quantit\u00e9.<br \/>\nProduit de qualit\u00e9 fabriqu\u00e9 en Europe. Normalis\u00e9 CE.<\/p>\n","protected":false},"excerpt":{"rendered":"<p>Raccord en L. Prix unitaire\u00a0 et d\u00e9gressif selon quantit\u00e9.<\/p>\n","protected":false},"featured_media":8296,"template":"","meta":[],"product_brand":[],"product_cat":[297,335],"product_tag":[300,116,302,276,117,126,119,301,277,127,149],"class_list":{"0":"post-8289","1":"product","2":"type-product","3":"status-publish","4":"has-post-thumbnail","6":"product_cat-boutique-du-composite","7":"product_cat-peripherique-vide","8":"product_tag-composite","9":"product_tag-decoupe-2d","10":"product_tag-mise-sous-vide","11":"product_tag-polystyrene","12":"product_tag-preshape","13":"product_tag-sur-mesure","14":"product_tag-surf","15":"product_tag-technique-sandwich","16":"product_tag-usinage-polystyrene","17":"product_tag-windfoil","18":"product_tag-wingfoil","20":"first","21":"instock","22":"taxable","23":"shipping-taxable","24":"purchasable","25":"product-type-variable"},"jetpack_sharing_enabled":true,"_links":{"self":[{"href":"https:\/\/preshape.fr\/index.php\/wp-json\/wp\/v2\/product\/8289","targetHints":{"allow":["GET"]}}],"collection":[{"href":"https:\/\/preshape.fr\/index.php\/wp-json\/wp\/v2\/product"}],"about":[{"href":"https:\/\/preshape.fr\/index.php\/wp-json\/wp\/v2\/types\/product"}],"wp:featuredmedia":[{"embeddable":true,"href":"https:\/\/preshape.fr\/index.php\/wp-json\/wp\/v2\/media\/8296"}],"wp:attachment":[{"href":"https:\/\/preshape.fr\/index.php\/wp-json\/wp\/v2\/media?parent=8289"}],"wp:term":[{"taxonomy":"product_brand","embeddable":true,"href":"https:\/\/preshape.fr\/index.php\/wp-json\/wp\/v2\/product_brand?post=8289"},{"taxonomy":"product_cat","embeddable":true,"href":"https:\/\/preshape.fr\/index.php\/wp-json\/wp\/v2\/product_cat?post=8289"},{"taxonomy":"product_tag","embeddable":true,"href":"https:\/\/preshape.fr\/index.php\/wp-json\/wp\/v2\/product_tag?post=8289"}],"curies":[{"name":"wp","href":"https:\/\/api.w.org\/{rel}","templated":true}]}}