{"id":8146,"date":"2024-08-02T12:34:32","date_gmt":"2024-08-02T10:34:32","guid":{"rendered":"https:\/\/preshape.fr\/?post_type=product&#038;p=8146"},"modified":"2024-08-02T12:37:09","modified_gmt":"2024-08-02T10:37:09","slug":"tuyau-spirale-10-12-mm","status":"publish","type":"product","link":"https:\/\/preshape.fr\/index.php\/product\/tuyau-spirale-10-12-mm\/","title":{"rendered":"Tuyau spiral\u00e9 10\/12 mm"},"content":{"rendered":"<p>Rouleau de 10 m\u00e8tre de tube poly\u00e9thyl\u00e8ne spiral\u00e9 diam\u00e8tre 10\/12mm.<\/p>\n<p>Facilite la progression de la r\u00e9sine dans le moule.<br \/>\nS&rsquo;utilise avec la <a href=\"https:\/\/preshape.fr\/index.php\/product\/gaine-omega\/\" target=\"_blank\" rel=\"noopener\">gaine Om\u00e9ga<\/a>.<\/p>\n","protected":false},"excerpt":{"rendered":"<p>Rouleau de 10 m\u00e8tre de tube poly\u00e9thyl\u00e8ne spiral\u00e9 diam\u00e8tre 10\/12mm.<\/p>\n","protected":false},"featured_media":8147,"template":"","meta":[],"product_brand":[],"product_cat":[297,335],"product_tag":[300,116,302,276,117,126,119,301,277,127,149],"class_list":{"0":"post-8146","1":"product","2":"type-product","3":"status-publish","4":"has-post-thumbnail","6":"product_cat-boutique-du-composite","7":"product_cat-peripherique-vide","8":"product_tag-composite","9":"product_tag-decoupe-2d","10":"product_tag-mise-sous-vide","11":"product_tag-polystyrene","12":"product_tag-preshape","13":"product_tag-sur-mesure","14":"product_tag-surf","15":"product_tag-technique-sandwich","16":"product_tag-usinage-polystyrene","17":"product_tag-windfoil","18":"product_tag-wingfoil","20":"first","21":"instock","22":"taxable","23":"shipping-taxable","24":"purchasable","25":"product-type-simple"},"jetpack_sharing_enabled":true,"_links":{"self":[{"href":"https:\/\/preshape.fr\/index.php\/wp-json\/wp\/v2\/product\/8146","targetHints":{"allow":["GET"]}}],"collection":[{"href":"https:\/\/preshape.fr\/index.php\/wp-json\/wp\/v2\/product"}],"about":[{"href":"https:\/\/preshape.fr\/index.php\/wp-json\/wp\/v2\/types\/product"}],"wp:featuredmedia":[{"embeddable":true,"href":"https:\/\/preshape.fr\/index.php\/wp-json\/wp\/v2\/media\/8147"}],"wp:attachment":[{"href":"https:\/\/preshape.fr\/index.php\/wp-json\/wp\/v2\/media?parent=8146"}],"wp:term":[{"taxonomy":"product_brand","embeddable":true,"href":"https:\/\/preshape.fr\/index.php\/wp-json\/wp\/v2\/product_brand?post=8146"},{"taxonomy":"product_cat","embeddable":true,"href":"https:\/\/preshape.fr\/index.php\/wp-json\/wp\/v2\/product_cat?post=8146"},{"taxonomy":"product_tag","embeddable":true,"href":"https:\/\/preshape.fr\/index.php\/wp-json\/wp\/v2\/product_tag?post=8146"}],"curies":[{"name":"wp","href":"https:\/\/api.w.org\/{rel}","templated":true}]}}