{"id":8080,"date":"2024-07-31T19:13:00","date_gmt":"2024-07-31T17:13:00","guid":{"rendered":"https:\/\/preshape.fr\/?post_type=product&#038;p=8080"},"modified":"2026-02-19T21:43:04","modified_gmt":"2026-02-19T20:43:04","slug":"valve","status":"publish","type":"product","link":"https:\/\/preshape.fr\/index.php\/product\/valve\/","title":{"rendered":"Valve souple de mise sous vide"},"content":{"rendered":"<p><strong>Valve \u00e0 vide souple r\u00e9utilisable.<\/strong><\/p>\n<p>Valve caoutchouc, extr\u00eamement pratique et simple d&rsquo;utilisation.<br \/>\nMat\u00e9riau auto-d\u00e9moulant (l&rsquo;\u00e9poxy n&rsquo;accroche pas \u00e0 la valve), nettoyable \u00e0 l&rsquo;ac\u00e9tone.<\/p>\n<ul>\n<li>Diam\u00e8tre de la base : 40mm<\/li>\n<li>Hauteur : 30mm<\/li>\n<li>Diam\u00e8tre de sortie : 15mm<\/li>\n<\/ul>\n","protected":false},"excerpt":{"rendered":"<p>Valve caoutchouc pour mise sous vide.<\/p>\n","protected":false},"featured_media":8531,"template":"","meta":[],"product_brand":[],"product_cat":[297,335],"product_tag":[300,116,302,276,117,126,119,301,277,127,149],"class_list":{"0":"post-8080","1":"product","2":"type-product","3":"status-publish","4":"has-post-thumbnail","6":"product_cat-boutique-du-composite","7":"product_cat-peripherique-vide","8":"product_tag-composite","9":"product_tag-decoupe-2d","10":"product_tag-mise-sous-vide","11":"product_tag-polystyrene","12":"product_tag-preshape","13":"product_tag-sur-mesure","14":"product_tag-surf","15":"product_tag-technique-sandwich","16":"product_tag-usinage-polystyrene","17":"product_tag-windfoil","18":"product_tag-wingfoil","20":"first","21":"instock","22":"taxable","23":"shipping-taxable","24":"purchasable","25":"product-type-simple"},"jetpack_sharing_enabled":true,"_links":{"self":[{"href":"https:\/\/preshape.fr\/index.php\/wp-json\/wp\/v2\/product\/8080","targetHints":{"allow":["GET"]}}],"collection":[{"href":"https:\/\/preshape.fr\/index.php\/wp-json\/wp\/v2\/product"}],"about":[{"href":"https:\/\/preshape.fr\/index.php\/wp-json\/wp\/v2\/types\/product"}],"wp:featuredmedia":[{"embeddable":true,"href":"https:\/\/preshape.fr\/index.php\/wp-json\/wp\/v2\/media\/8531"}],"wp:attachment":[{"href":"https:\/\/preshape.fr\/index.php\/wp-json\/wp\/v2\/media?parent=8080"}],"wp:term":[{"taxonomy":"product_brand","embeddable":true,"href":"https:\/\/preshape.fr\/index.php\/wp-json\/wp\/v2\/product_brand?post=8080"},{"taxonomy":"product_cat","embeddable":true,"href":"https:\/\/preshape.fr\/index.php\/wp-json\/wp\/v2\/product_cat?post=8080"},{"taxonomy":"product_tag","embeddable":true,"href":"https:\/\/preshape.fr\/index.php\/wp-json\/wp\/v2\/product_tag?post=8080"}],"curies":[{"name":"wp","href":"https:\/\/api.w.org\/{rel}","templated":true}]}}