{"id":7734,"date":"2024-07-28T18:51:04","date_gmt":"2024-07-28T16:51:04","guid":{"rendered":"https:\/\/preshape.fr\/?post_type=product&#038;p=7734"},"modified":"2026-02-19T21:25:08","modified_gmt":"2026-02-19T20:25:08","slug":"film-microperfore","status":"publish","type":"product","link":"https:\/\/preshape.fr\/index.php\/product\/film-microperfore\/","title":{"rendered":"Film microperfor\u00e9"},"content":{"rendered":"<p>Pos\u00e9 entre le tissu de d\u00e9laminage\u00a0 et le feutre de drainage, il limite la remont\u00e9e de r\u00e9sine, assure un composite homog\u00e8ne et facilite le d\u00e9laminage des tissus de drainage.<\/p>\n<ul>\n<li>Diam\u00e8tre des perforations : 1mm<\/li>\n<li>Largeur : 85cm<\/li>\n<li>900 trous au dm\u00b2<\/li>\n<\/ul>\n<p><img decoding=\"async\" title=\"Perforex La Boutique du Composite\" src=\"https:\/\/www.mack-kayak.com\/img\/cms\/Nouveau%20dossier\/Perforex-La-Boutique-du-Composite.JPG\" alt=\"Perforex La Boutique du Composite\" width=\"255\" height=\"172\" \/><\/p>\n<p><em>Le prix s&rsquo;entend au m\u00e8tre lin\u00e9aire.<\/em><\/p>\n","protected":false},"excerpt":{"rendered":"<p>Largeurs 85 cm &#8211; Prix au m\u00e8tre lin\u00e9aire.<br \/>\nPlus de d\u00e9tails ci-dessous.<\/p>\n","protected":false},"featured_media":8528,"template":"","meta":[],"product_brand":[],"product_cat":[297,335],"product_tag":[300,116,302,276,117,126,119,301,277,127,149],"class_list":{"0":"post-7734","1":"product","2":"type-product","3":"status-publish","4":"has-post-thumbnail","6":"product_cat-boutique-du-composite","7":"product_cat-peripherique-vide","8":"product_tag-composite","9":"product_tag-decoupe-2d","10":"product_tag-mise-sous-vide","11":"product_tag-polystyrene","12":"product_tag-preshape","13":"product_tag-sur-mesure","14":"product_tag-surf","15":"product_tag-technique-sandwich","16":"product_tag-usinage-polystyrene","17":"product_tag-windfoil","18":"product_tag-wingfoil","20":"first","21":"instock","22":"taxable","23":"shipping-taxable","24":"purchasable","25":"product-type-simple"},"jetpack_sharing_enabled":true,"_links":{"self":[{"href":"https:\/\/preshape.fr\/index.php\/wp-json\/wp\/v2\/product\/7734","targetHints":{"allow":["GET"]}}],"collection":[{"href":"https:\/\/preshape.fr\/index.php\/wp-json\/wp\/v2\/product"}],"about":[{"href":"https:\/\/preshape.fr\/index.php\/wp-json\/wp\/v2\/types\/product"}],"wp:featuredmedia":[{"embeddable":true,"href":"https:\/\/preshape.fr\/index.php\/wp-json\/wp\/v2\/media\/8528"}],"wp:attachment":[{"href":"https:\/\/preshape.fr\/index.php\/wp-json\/wp\/v2\/media?parent=7734"}],"wp:term":[{"taxonomy":"product_brand","embeddable":true,"href":"https:\/\/preshape.fr\/index.php\/wp-json\/wp\/v2\/product_brand?post=7734"},{"taxonomy":"product_cat","embeddable":true,"href":"https:\/\/preshape.fr\/index.php\/wp-json\/wp\/v2\/product_cat?post=7734"},{"taxonomy":"product_tag","embeddable":true,"href":"https:\/\/preshape.fr\/index.php\/wp-json\/wp\/v2\/product_tag?post=7734"}],"curies":[{"name":"wp","href":"https:\/\/api.w.org\/{rel}","templated":true}]}}