{"id":7729,"date":"2024-07-28T18:46:30","date_gmt":"2024-07-28T16:46:30","guid":{"rendered":"https:\/\/preshape.fr\/?post_type=product&#038;p=7729"},"modified":"2026-02-19T21:36:47","modified_gmt":"2026-02-19T20:36:47","slug":"tissu-arrachage","status":"publish","type":"product","link":"https:\/\/preshape.fr\/index.php\/product\/tissu-arrachage\/","title":{"rendered":"Tissu d&rsquo;arrachage"},"content":{"rendered":"<p><strong>Tissu d&rsquo;arrachage ou de d\u00e9laminage<\/strong>, pour la mise sous vide des pi\u00e8ces composites, ou l&rsquo;obtention d&rsquo;un aspect satin\u00e9 ou d&rsquo;un anti-d\u00e9rapant efficace et non agressif.<br \/>\nId\u00e9al \u00e9galement en finition, supprime l&rsquo;obligation de pon\u00e7age avant la couche de gla\u00e7age.<\/p>\n<p>Assure un bon ancrage de la r\u00e9sine en cas de collage. Permet un placage uniforme des tissus et \u00e9limine la r\u00e9sine exc\u00e9dentaire des couches inf\u00e9rieures. Indispensable pour toute r\u00e9paration soign\u00e9e.<\/p>\n<ul>\n<li><strong>Utilisation<\/strong>\u00a0: stratification au contact, sous vide, en infusion ou pr\u00e9-impr\u00e9gn\u00e9<\/li>\n<li><strong>Compatible<\/strong>\u00a0avec les r\u00e9sines polyester, \u00e9poxy, polyur\u00e9thane. Ne pas utiliser avec les r\u00e9sines ph\u00e9noliques.<\/li>\n<li><strong>Couleur<\/strong>\u00a0: Blanc comportant des rayures rouges.<\/li>\n<li><strong>Grammage :\u00a0<\/strong>85 g\/m\u00b2<\/li>\n<li><strong>Armure :<\/strong>\u00a0Taffetas<\/li>\n<li><strong>\u00c9paisseur :\u00a0<\/strong>0,12 mm.<\/li>\n<li><strong>Type de fibre :\u00a0<\/strong>Nylon non silicon\u00e9 PA66<\/li>\n<li><strong>Construction :\u00a0<\/strong>Cha\u00eene : 55%\u00a0\u00a0\u00a0Trame : 45%<\/li>\n<li><strong>Nombre de fils par cm :\u00a0<\/strong>Cha\u00eene : 19 Trame : 15<\/li>\n<li><strong>Temp\u00e9rature maxi. d&rsquo;utilisation :<\/strong>\u00a0205\u00b0<\/li>\n<\/ul>\n<p>Le tissu doit \u00eatre pos\u00e9 en derni\u00e8re couche et correctement impr\u00e9gn\u00e9.<br \/>\nApr\u00e8s polym\u00e9risation compl\u00e8te, le tissu doit \u00eatre arrach\u00e9 et laisse place \u00e0 un \u00e9tat de surface l\u00e9g\u00e8rement rugueux et homog\u00e8ne, qui peut \u00eatre laiss\u00e9 tel quel si l&rsquo;on souhaite une surface antid\u00e9rapante, ou qui peut servir de base \u00e0 la couche de finition ou de gla\u00e7age.<\/p>\n<p><em>Le prix s&rsquo;entend au\u00a0<strong>m\u00e8tre lin\u00e9aire<\/strong>.<\/em><\/p>\n","protected":false},"excerpt":{"rendered":"<p>Largeurs 50 cm \/ 100 cm \/ 150 cm &#8211; Prix au m\u00e8tre lin\u00e9aire.<br \/>\nPlus de d\u00e9tails ci-dessous.<\/p>\n","protected":false},"featured_media":8530,"template":"","meta":[],"product_brand":[],"product_cat":[297,335],"product_tag":[300,116,302,276,117,126,119,301,277,127,149],"class_list":{"0":"post-7729","1":"product","2":"type-product","3":"status-publish","4":"has-post-thumbnail","6":"product_cat-boutique-du-composite","7":"product_cat-peripherique-vide","8":"product_tag-composite","9":"product_tag-decoupe-2d","10":"product_tag-mise-sous-vide","11":"product_tag-polystyrene","12":"product_tag-preshape","13":"product_tag-sur-mesure","14":"product_tag-surf","15":"product_tag-technique-sandwich","16":"product_tag-usinage-polystyrene","17":"product_tag-windfoil","18":"product_tag-wingfoil","20":"first","21":"instock","22":"taxable","23":"shipping-taxable","24":"purchasable","25":"product-type-variable"},"jetpack_sharing_enabled":true,"_links":{"self":[{"href":"https:\/\/preshape.fr\/index.php\/wp-json\/wp\/v2\/product\/7729","targetHints":{"allow":["GET"]}}],"collection":[{"href":"https:\/\/preshape.fr\/index.php\/wp-json\/wp\/v2\/product"}],"about":[{"href":"https:\/\/preshape.fr\/index.php\/wp-json\/wp\/v2\/types\/product"}],"wp:featuredmedia":[{"embeddable":true,"href":"https:\/\/preshape.fr\/index.php\/wp-json\/wp\/v2\/media\/8530"}],"wp:attachment":[{"href":"https:\/\/preshape.fr\/index.php\/wp-json\/wp\/v2\/media?parent=7729"}],"wp:term":[{"taxonomy":"product_brand","embeddable":true,"href":"https:\/\/preshape.fr\/index.php\/wp-json\/wp\/v2\/product_brand?post=7729"},{"taxonomy":"product_cat","embeddable":true,"href":"https:\/\/preshape.fr\/index.php\/wp-json\/wp\/v2\/product_cat?post=7729"},{"taxonomy":"product_tag","embeddable":true,"href":"https:\/\/preshape.fr\/index.php\/wp-json\/wp\/v2\/product_tag?post=7729"}],"curies":[{"name":"wp","href":"https:\/\/api.w.org\/{rel}","templated":true}]}}