{"id":7724,"date":"2024-07-28T18:38:04","date_gmt":"2024-07-28T16:38:04","guid":{"rendered":"https:\/\/preshape.fr\/?post_type=product&#038;p=7724"},"modified":"2026-02-19T21:23:17","modified_gmt":"2026-02-19T20:23:17","slug":"feutre-drainage","status":"publish","type":"product","link":"https:\/\/preshape.fr\/index.php\/product\/feutre-drainage\/","title":{"rendered":"Feutre de drainage"},"content":{"rendered":"<p>Feutre de drainage polypropyl\u00e8ne Haute drapabilit\u00e9, il est utilis\u00e9 lors de mise en \u0153uvre sous vide (stratification sous vide, infusion, collage d\u2019\u00e2mes, compactage de pr\u00e9pregs).<\/p>\n<p>Ces caract\u00e9ristiques assurent, lors de la mise sous vide, un excellent drainage uniforme sur toute la surface de la pi\u00e8ce. Il \u00e9pouse parfaitement les formes complexes.<\/p>\n<ul>\n<li>Poids : 150g\/m\u00b2<\/li>\n<li>Largeur 75cm<\/li>\n<\/ul>\n<p>Le prix s&rsquo;entend au m\u00e8tre lin\u00e9aire.<\/p>\n<p>Ce voile de drainage se place entre le film microperfor\u00e9 et la b\u00e2che. Veillez \u00e0 le laisser d\u00e9passer tout autour de la zone stratifi\u00e9e, coll\u00e9e ou compact\u00e9e.<br \/>\nIl est aussi utilis\u00e9 \u00e0 l\u2019extr\u00e9mit\u00e9 du tuyau se trouvant dans le moule, pour ainsi \u00e9viter que la b\u00e2che plastique n\u2019obture le tirage de vide.<br \/>\nQuand la pi\u00e8ce est termin\u00e9e, d\u00e9mouler le feutre de drainage et le film microperfor\u00e9.<\/p>\n","protected":false},"excerpt":{"rendered":"<p>Largeur 75 cm &#8211; Prix au m\u00e8tre lin\u00e9aire.<br \/>\nPlus de d\u00e9tails ci-dessous.<\/p>\n","protected":false},"featured_media":8527,"template":"","meta":[],"product_brand":[],"product_cat":[297,335],"product_tag":[300,116,302,276,117,126,119,301,277,127,149],"class_list":{"0":"post-7724","1":"product","2":"type-product","3":"status-publish","4":"has-post-thumbnail","6":"product_cat-boutique-du-composite","7":"product_cat-peripherique-vide","8":"product_tag-composite","9":"product_tag-decoupe-2d","10":"product_tag-mise-sous-vide","11":"product_tag-polystyrene","12":"product_tag-preshape","13":"product_tag-sur-mesure","14":"product_tag-surf","15":"product_tag-technique-sandwich","16":"product_tag-usinage-polystyrene","17":"product_tag-windfoil","18":"product_tag-wingfoil","20":"first","21":"instock","22":"taxable","23":"shipping-taxable","24":"purchasable","25":"product-type-simple"},"jetpack_sharing_enabled":true,"_links":{"self":[{"href":"https:\/\/preshape.fr\/index.php\/wp-json\/wp\/v2\/product\/7724","targetHints":{"allow":["GET"]}}],"collection":[{"href":"https:\/\/preshape.fr\/index.php\/wp-json\/wp\/v2\/product"}],"about":[{"href":"https:\/\/preshape.fr\/index.php\/wp-json\/wp\/v2\/types\/product"}],"wp:featuredmedia":[{"embeddable":true,"href":"https:\/\/preshape.fr\/index.php\/wp-json\/wp\/v2\/media\/8527"}],"wp:attachment":[{"href":"https:\/\/preshape.fr\/index.php\/wp-json\/wp\/v2\/media?parent=7724"}],"wp:term":[{"taxonomy":"product_brand","embeddable":true,"href":"https:\/\/preshape.fr\/index.php\/wp-json\/wp\/v2\/product_brand?post=7724"},{"taxonomy":"product_cat","embeddable":true,"href":"https:\/\/preshape.fr\/index.php\/wp-json\/wp\/v2\/product_cat?post=7724"},{"taxonomy":"product_tag","embeddable":true,"href":"https:\/\/preshape.fr\/index.php\/wp-json\/wp\/v2\/product_tag?post=7724"}],"curies":[{"name":"wp","href":"https:\/\/api.w.org\/{rel}","templated":true}]}}