{"id":7596,"date":"2024-07-28T12:21:32","date_gmt":"2024-07-28T10:21:32","guid":{"rendered":"https:\/\/preshape.fr\/?post_type=product&#038;p=7596"},"modified":"2024-07-29T19:15:17","modified_gmt":"2024-07-29T17:15:17","slug":"contre-scoop","status":"publish","type":"product","link":"https:\/\/preshape.fr\/index.php\/product\/contre-scoop\/","title":{"rendered":"Contre-Scoop sur-mesure"},"content":{"rendered":"<p>Dans tout processus de stratification sous-vide, tu auras besoin d&rsquo;un contre-scoop afin de maintenir la ligne du scoop\/rocker.<br \/>\nNous te proposons cette prestation en compl\u00e9ment de l&rsquo;achat de ton pr\u00e9shape.<br \/>\nLe contre-scoop sera d\u00e9coup\u00e9 sur notre CNC 3 axes dans un bois type agglom\u00e9r\u00e9 22mm.<br \/>\nTu peux \u00e9galement le commander seul en nous envoyant la ligne de scoop dont tu as besoin.<br \/>\nPour tout conseil sur l&rsquo;utilisation du contre-scoop, n&rsquo;h\u00e9site pas \u00e0 nous envoyer un message.<\/p>\n","protected":false},"excerpt":{"rendered":"<p>D\u00e9coupe sur-mesure de ton contre-scoop pour la stratification sous-vide.<\/p>\n","protected":false},"featured_media":7765,"template":"","meta":[],"product_brand":[],"product_cat":[297],"product_tag":[300,116,302,276,117,317,316,126,119,301,277,127,149],"class_list":{"0":"post-7596","1":"product","2":"type-product","3":"status-publish","4":"has-post-thumbnail","6":"product_cat-boutique-du-composite","7":"product_tag-composite","8":"product_tag-decoupe-2d","9":"product_tag-mise-sous-vide","10":"product_tag-polystyrene","11":"product_tag-preshape","12":"product_tag-sous-vide","13":"product_tag-stratification","14":"product_tag-sur-mesure","15":"product_tag-surf","16":"product_tag-technique-sandwich","17":"product_tag-usinage-polystyrene","18":"product_tag-windfoil","19":"product_tag-wingfoil","20":"product_shipping_class-plus-2-m","22":"first","23":"instock","24":"featured","25":"taxable","26":"shipping-taxable","27":"purchasable","28":"product-type-simple"},"jetpack_sharing_enabled":true,"_links":{"self":[{"href":"https:\/\/preshape.fr\/index.php\/wp-json\/wp\/v2\/product\/7596","targetHints":{"allow":["GET"]}}],"collection":[{"href":"https:\/\/preshape.fr\/index.php\/wp-json\/wp\/v2\/product"}],"about":[{"href":"https:\/\/preshape.fr\/index.php\/wp-json\/wp\/v2\/types\/product"}],"wp:featuredmedia":[{"embeddable":true,"href":"https:\/\/preshape.fr\/index.php\/wp-json\/wp\/v2\/media\/7765"}],"wp:attachment":[{"href":"https:\/\/preshape.fr\/index.php\/wp-json\/wp\/v2\/media?parent=7596"}],"wp:term":[{"taxonomy":"product_brand","embeddable":true,"href":"https:\/\/preshape.fr\/index.php\/wp-json\/wp\/v2\/product_brand?post=7596"},{"taxonomy":"product_cat","embeddable":true,"href":"https:\/\/preshape.fr\/index.php\/wp-json\/wp\/v2\/product_cat?post=7596"},{"taxonomy":"product_tag","embeddable":true,"href":"https:\/\/preshape.fr\/index.php\/wp-json\/wp\/v2\/product_tag?post=7596"}],"curies":[{"name":"wp","href":"https:\/\/api.w.org\/{rel}","templated":true}]}}